ose 660 + w = r*j. List the prime factors of j.
109
Suppose 4*d = 2*u + 192, -5*u - 159 - 21 = -4*d. List the prime factors of 45/6*(-545)/d*-8.
2, 3, 109
Let u(n) = -21*n - 100. Let h be u(-5). Suppose 0 = 2*y + 2*a - 930, 18*a + 2333 = h*y + 19*a. List the prime factors of y.
467
Let p be (8 + -14 - -6)/(4*1). List the prime factors of (-2 - p)/((-1)/38).
2, 19
List the prime factors of ((-45)/((-1170)/52))/((-2)/(-5709)).
3, 11, 173
Let j = -179 - -334. Suppose 3*b - 6 = 0, -5*q + 10*q - 5*b + j = 0. Let d = -17 - q. List the prime factors of d.
2, 3
Suppose 33 = -5*g + 68. Suppose 0 = 14*b - g*b - 2576. List the prime factors of b.
2, 23
Let w(s) = 302*s**2 - 31*s - 195. What are the prime factors of w(-6)?
3, 17, 71
Suppose 15 = q + 5*i, 3*q + 93*i - 45 = 98*i. Let g = 7 - 5. Suppose -q*c + 1092 = -g*c. What are the prime factors of c?
2, 3, 7
Let b(q) = q**2 - q - 10. Let k be b(4). Let s(m) = k*m - 7 + 13 - m - m**3 + 10*m**2 + 3. List the prime factors of s(5).
139
Let b = 46 - 44. Suppose -23 = -b*f + 207. Let x = 248 - f. List the prime factors of x.
7, 19
Let f = 48449 - 30988. List the prime factors of f.
19, 919
Suppose -2*p = 4*u - 8120, -8*u = -7*u - p - 2024. List the prime factors of (-1)/(-2*6/u).
13
Suppose 6*c - 3327 = -837. Suppose 2*r = 7*r - c. List the prime factors of r.
83
Let b = -39 - 96. Let w = -37 - b. Suppose 3*r = w + 232. List the prime factors of r.
2, 5, 11
Let t(r) be the second derivative of -17*r**3/2 - 51*r**2 - 127*r. List the prime factors of t(-5).
3, 17
Let u be 89*(-4)/((-4)/(-1)). Let j = -30 - u. Suppose -10*l = -21 - j. List the prime factors of l.
2
Let w(a) = 154*a - 1143. List the prime factors of w(9).
3
Let m(i) = 2*i**2 - 53*i - 25. Let a be m(27). Suppose 4*f + 3*h + 395 = 0, 2*f + 2*f + 394 = -a*h. Let x = f - -132. What are the prime factors of x?
2, 17
Suppose 0 = 60*g - 1442472 + 539472. What are the prime factors of g?
2, 5, 7, 43
List the prime factors of 3/(6/(-8))*(-943776)/464.
2, 3, 113
Let n be (-1)/(-6) + 23/6. Let z be -10*6/(-15) - (n + -2). List the prime factors of 830/14 + (-5)/(35/z).
59
Suppose -51584 - 40120 = -13*d + 32953. List the prime factors of d.
43, 223
Let s(k) = -k**3 + 6*k**2 - 3*k + 10. Let g be s(6). Let b be g/((-1)/9*(6 + -5)). Let z = b + 40. What are the prime factors of z?
2, 7
Let a = -4 - -23. Let o(j) = j**3 - 20*j**2 + 25*j + 3. Let z be o(a). Suppose -6*n + z = -3*n. List the prime factors of n.
3, 13
Suppose -s + 4*y + 32 = -5*s, 4 = s + 4*y. Suppose -3*a + 262 = -362. What are the prime factors of (-9)/6*a/s?
2, 13
Let p be 2882/(-12)*-1 + 3/(-18). Suppose -57 + p = g. List the prime factors of g.
3, 61
Suppose -2*a + 0*a = 5*n - 181531, 0 = -n + 2*a + 36311. What are the prime factors of n?
36307
Let b(c) = -c**2 - 11*c + 181. Let d be b(9). What are the prime factors of (225808/(-18))/(-8) - d/9?
2, 7
Suppose 444498 = -10*l + 65*l - 192567. List the prime factors of l.
3, 11, 13
Suppose 21*w - 16*w - 50 = 0. Let o(r) = -20*r + 21*r - w - 35*r - 11*r. List the prime factors of o(-4).
2, 5, 17
Suppose 0 = -0*f - 12*f + 9996. Suppose -94 - f = -d. List the prime factors of d.
3, 103
Let q(d) = d**3 + 10*d**2 - 11*d - 6. Let z be q(-10). Suppose 14*n - n - z = 0. Let w(h) = 9*h**2 - 48*h + 7. List the prime factors of w(n).
199
Let x(c) = -c + 36. Let w(g) = 1. Let m(l) = 5*w(l) - x(l). Let d be m(9). What are the prime factors of ((-16)/(-10))/(d/(-165))?
2, 3
Suppose -3 + 3 = 4*w. Suppose w = q + c - 3*c - 1083, -2*c - 2162 = -2*q. What are the prime factors of q?
13, 83
Let x be ((-3)/3)/(((-14)/(-4))/(-7)). Suppose -595 = -x*p + 277. What are the prime factors of p?
2, 109
Let z = -48 - -50. Let m be (-240)/(-20)*((-2)/z - -14). List the prime factors of (3 + m)*3*(-4)/(-12).
3, 53
Let m be (-6)/(-10) + 3/60*1388. Suppose i + m - 714 = 0. What are the prime factors of i?
2, 7, 23
Let c = -5220 + 11191. What are the prime factors of c?
7, 853
Let f = -29 + 38. Let v(u) = 2*u - 15. Let l be v(f). Suppose 182 = 5*h - c, -2*h - l*c = -6*h + 139. What are the prime factors of h?
37
Let k(s) be the third derivative of -7*s**4/24 + 5*s**3/6 + 42*s**2. Suppose -2*i = 8, 4*c + 3*i = -22 - 10. List the prime factors of k(c).
2, 5
Suppose -20*t + 240 + 100 = 0. Let d(z) = z**3 - 14*z**2 - 19*z - 70. List the prime factors of d(t).
2, 3, 79
Let s = -405 - -397. Let k(c) = 3*c**2 - 14*c - 62. List the prime factors of k(s).
2, 11
Let p(g) = 11*g**2 - 55*g + 4. Let t be p(-12). Suppose 7*o = 3*o + t. List the prime factors of o.
2, 281
Let f(g) = g**2 + g - 6. Let z = 12 + -7. Let j be f(z). Suppose -j = -k - v, 4*v = 29 - 9. What are the prime factors of k?
19
Let w(l) = 426*l**3 - l**2 + 3*l + 1. List the prime factors of w(4).
3, 13, 233
Let h be 2/(-18)*-3*-3 - -203. List the prime factors of 1*5 + (h - 23).
2, 23
Let f(j) = -6*j + 48. Let k be f(-12). Suppose 121*i - k*i - 60 = 0. What are the prime factors of i?
2, 3, 5
Let o = 37284 + 23377. List the prime factors of o.
60661
Let x = 47 + -37. Let j be (2/3)/(x/(-225)*-5). What are the prime factors of 3 - 0 - 17/(j - 4)?
2, 5
Suppose 121*a - 1136106 - 1999246 = 0. List the prime factors of a.
2, 41, 79
Suppose 0 = 4*o - 2*h - 86 - 854, -2*o - 2*h = -470. Let g = o + 73. What are the prime factors of g?
2, 7, 11
Let v = 63 - 21. Let g = 50 - v. Let a(y) = -y**3 + 11*y**2 - 13*y + 11. List the prime factors of a(g).
3, 11
Suppose 3*s - 14*r = -10*r + 12395, 5*r - 12377 = -3*s. List the prime factors of s.
4129
Let v(j) be the third derivative of -7*j**4/8 + 15*j**3/2 + j**2. List the prime factors of v(-3).
2, 3
Let v(g) = 19*g**3 - 3*g**2 - 4*g + 1. Let u be v(-3). Let o = u + 783. List the prime factors of o.
2
Suppose -5*v = 2*b - 93, -2*v + 22 = -3*b - 0*b. Let f(q) = 6 + 1 - 16*q - 2 + 198*q**2 - 197*q**2. List the prime factors of f(v).
2, 11
Let i = -734 + 6510. Suppose -6124 - i = -14*b. What are the prime factors of b?
2, 5, 17
Let a = 375 - -12. Let j = a - 254. List the prime factors of j.
7, 19
Let w(m) = m - 1. Suppose -2*k + 23 = 17. Let g be w(k). List the prime factors of (-88)/(-33)*(-2 + 73/g).
2, 23
Let c(w) = w**2 - w - 7. Let i be c(-6). Let g be (-7)/i - 21/(-5). Suppose 0 = g*f + 5*y - 3*y - 534, 3*f + y = 403. What are the prime factors of f?
2, 17
Let m(t) = 7037*t**2 - 43*t + 45. What are the prime factors of m(1)?
7039
Let w(n) = -97*n**3 - 2*n**2 - 6*n - 7. Let z(t) = -145*t**3 - 3*t**2 - 8*t - 11. Let k(s) = 7*w(s) - 5*z(s). What are the prime factors of k(2)?
2, 11, 17
Suppose 0 = -4*m - 8 + 16. Suppose 2*q - 5*p = -q + 1312, 0 = -m*q + 5*p + 878. What are the prime factors of q?
2, 7, 31
Let h be 20/6 + 16/(-24) + 9/27. Let t(i) = i**2 + 3*i - 6. Let v be t(-5). Suppose v*x + o = -o + 168, 0 = 2*x + h*o - 84. What are the prime factors of x?
2, 3, 7
Let w(n) = -n**2 - 26*n + 4. Let v(k) = -k**2 - 3*k + 30. Let o be v(-9). What are the prime factors of w(o)?
2, 13
Let b be (-3)/(-6) + (-126)/4. Let l = -38 - b. Let o(t) = t**3 + 11*t**2 + 15*t - 4. List the prime factors of o(l).
3, 29
Let s(x) = -62*x - 28*x**2 - 25 + 65 + 39 + 3*x**3 - 2*x**3. List the prime factors of s(31).
2, 5, 13
Suppose -4*u = 2 - 14. Let h(n) = 23*n. Let o be h(1). Suppose l - x - 6 = -u*x, -x + o = 3*l. List the prime factors of l.
2
Let d(n) = 5*n + 40. Let x be d(12). List the prime factors of x/8*(-232)/(-10)*4.
2, 5, 29
Let r = 8 + -9. What are the prime factors of (-1)/(-3) + r + (-6279)/(-9)?
17, 41
Let u(t) = -8*t + 26. Let d be u(8). List the prime factors of 6 + 40/(-380) + (-30214)/d.
3, 89
Suppose 31995 = 3*s - 3*h, 3*s = -h - 2*h + 32001. What are the prime factors of s?
2, 5333
Let v = 21 - 95. Let u = -66 - v. List the prime factors of (u - -20)*(6/4)/3.
2, 7
What are the prime factors of (-268209)/(-27) + -1 + (-12)/18?
2, 13, 191
Suppose -5*n - 2*z + 84 = -20, -2*n + 50 = 5*z. Suppose x - n = 2. Suppose -24 = -f + x. What are the prime factors of f?
2, 23
Let b(a) = 7*a**2 + 11*a - 56. Let r = -254 - -239. List the prime factors of b(r).
2, 677
Let d(w) = 708*w - 371. What are the prime factors of d(9)?
17, 353
Let s(c) = c**3 + 38*c**2 + 74*c - 431. List the prime factors of s(-35).
2, 3, 109
Let v(u) = 12*u**3 - u**2 - 15*u + 90. What are the prime factors of v(5)?
2, 5, 1